 n(w). Suppose y*i - 20 = 1. List the prime factors of i.
7
Let t(g) = g**2 + 4*g + 6. Let v be t(-4). What are the prime factors of (-1 - 5)/(v/(-4))?
2
Suppose -2*a + 4 = 2*s, -a + 5*a + 2 = -2*s. Let q be -2 - (-4 + 0 + a). Suppose q*m = 5*b + 4*m - 46, 43 = 5*b + 2*m. What are the prime factors of b?
3
List the prime factors of 6/4*248/12.
31
Suppose -4*c + 2*w + 4 = 0, 1 = -3*c + 4*w + 9. Let l(q) = 13 - 3 - q + 4*q**2 + 2*q**2 - 5*q**2. What are the prime factors of l(c)?
2, 5
Let l = -1 + 1. Suppose l = -0*c - 2*c + 34. List the prime factors of c.
17
Let v(i) = -7 + 108*i - 108*i + 2*i**2. What are the prime factors of v(-4)?
5
Let w(i) = -i + 3. What are the prime factors of w(-2)?
5
Let g = 18 + -13. Let t(y) = -y**2 + 15*y - 5. Let s be t(10). Suppose g*v - s = -0*v. What are the prime factors of v?
3
Let u(y) = -y**2 + 11*y - 11. Let r be u(9). Let b = 4 + r. List the prime factors of b.
11
Let q(b) = -b**2 + 2*b + 5. Let c be q(4). List the prime factors of (7 + -1)/(c/(-10)).
2, 5
Let z = 5 - 3. Let w(y) = 3 + 0*y**3 - y**3 + 5*y**z + 6*y + 5. List the prime factors of w(6).
2
Let u be (-4)/14 + 117/(-7). Let s = u - -32. List the prime factors of s.
3, 5
Let u = -17 + 10. Suppose -2*w + 182 = 5*w. Let r = u + w. What are the prime factors of r?
19
Suppose -4*q + 2*l = -928, 0*l - 1157 = -5*q + 4*l. What are the prime factors of q?
233
Suppose -4*b + 5*y + 12 = 0, 18 = -b - 4*b - 2*y. Let i be (-50)/(-18) + b/(-9). Suppose -4*d - i = -5*d. What are the prime factors of d?
3
Let q(u) = 2*u**2 + 16 - 13*u - u**2 + 0*u. What are the prime factors of q(12)?
2
Let v(q) = -5*q + 3. Let t(f) = f + 5. Let b be t(0). Let u be v(b). What are the prime factors of 1 + -4 + (-5 - u)?
2, 7
Suppose 7*n - j = 5*n + 263, 0 = n + 2*j - 144. List the prime factors of n.
2, 67
Let c(u) = -2*u - 3. Let o be c(-6). Let d be (-3)/(-3)*(o - -2). List the prime factors of 2/11 + 119/d.
11
Let s = 99 + -7. What are the prime factors of s?
2, 23
Let q(y) = -y + 50. Let m be q(0). Suppose 5*l + t = -3*t + m, -3*t = 0. List the prime factors of l.
2, 5
What are the prime factors of 71/2 - (-4)/(-8)?
5, 7
Let r(p) = -p**3 + 6*p**2 - 4*p - 8. Let x = 1 - -3. What are the prime factors of r(x)?
2
Let n(a) = 3*a**2 + 7*a + 1. List the prime factors of n(-7).
3, 11
Suppose 2*z = n - 6 - 3, -z - 4*n = -9. Let r = z + 6. Suppose r*b = 3*j - 27, 3*j - 29 = -2*j - 3*b. What are the prime factors of j?
7
Suppose 4*h = -3*x + 311, 0 = 2*x + x + 2*h - 319. What are the prime factors of x?
109
Suppose -2*x + 4*l + 10 + 8 = 0, -1 = -l. Suppose 0*q = q - x. Let g = q + -4. What are the prime factors of g?
7
Let r(w) = 4*w**2 - 2*w + 6. List the prime factors of r(-4).
2, 3, 13
List the prime factors of ((38/(-7))/1)/((-2)/14).
2, 19
List the prime factors of 11492/91 + 2/(-7).
2, 3, 7
Suppose -2*h + 18 = -6. What are the prime factors of h?
2, 3
Suppose -32 = -3*m - b, 0*m - 3*b + 36 = 4*m. What are the prime factors of m?
2, 3
Let z be (-16)/(-88) + 13/(-11). Let o be (2 - z) + -1 + 1. Suppose -o*p + 3 + 36 = 0. What are the prime factors of p?
13
Let l be ((-24)/(-10))/((-21)/70). Let v(s) = s**3 + 7*s**2 - 9*s - 2. What are the prime factors of v(l)?
2, 3
Let d be -3 + 4 - 3/1. Let l = 4 + d. Suppose 4 + l = 3*o. What are the prime factors of o?
2
Let c(t) = -14*t. Let y be c(1). List the prime factors of 6/14 + (-204)/y.
3, 5
Let v = -8 - -10. Suppose -x - 3*l = -4*x + 24, 0 = 5*x - v*l - 46. What are the prime factors of x?
2, 5
Suppose -2*w + 3*c - 1 = 0, -3*w - 2*w + 5*c = -5. List the prime factors of w.
2
Let z be 0 + 0 + (-25)/(-5). Suppose x - 4 = 3*x, -z = -5*k - 5*x. Suppose 2*u - 29 = -5*f, -u - k*u = 3*f - 79. List the prime factors of u.
2, 11
Suppose -2*s = s + 6. Let c be (1/2)/((-1)/s). Suppose c = -2*j - 4*d + 13, -2*j + 6 = d. List the prime factors of j.
2
Let k(x) = -13*x + 0 + 4 - 3 + 14*x. List the prime factors of k(8).
3
Suppose 2 + 3 = s. Suppose 0 = -0*v - s*v + 20. Suppose v*i + i = 100. List the prime factors of i.
2, 5
Suppose -2*c = -3*v - 17, -2*v - 3*v - 31 = -4*c. Let z be c/3*(-3)/2. List the prime factors of (-12)/(-6)*(-11)/z.
11
List the prime factors of 4/((-64)/60)*-8.
2, 3, 5
Let i(k) = 5*k - 1 - 15*k + 4*k - 10*k. Let f be 1*(2 + -3)/1. List the prime factors of i(f).
3, 5
Let k be (-410)/15 - 1/(-3). Let a = k + 42. List the prime factors of a.
3, 5
Let t = 108 - 86. What are the prime factors of t?
2, 11
Suppose 4*s + 5 = 37. Suppose -l = -5*l + s. List the prime factors of ((-4)/8)/(l/(-28)).
7
Let z(o) = o**3 + 9*o**2 - o + 1. Let y be z(-9). Let r be 1 + (-8)/2 + 2. Let x = y - r. List the prime factors of x.
11
Suppose 13*q - 1768 = 5*q. What are the prime factors of q?
13, 17
Suppose -8 - 12 = 2*q. Let y = q - -18. Suppose y*a = 3*a + 70. What are the prime factors of a?
2, 7
Let a = -9 - -21. What are the prime factors of ((-4)/a)/(1/(-39))?
13
Let a = -31 - -58. List the prime factors of a.
3
Let p(w) = -w**3 - 17*w**2 - 19*w + 2. List the prime factors of p(-16).
2, 5
Suppose -2*i + 2 + 4 = 0. Suppose -2*w + i*w = 2. Suppose -w = y - 2*y. What are the prime factors of y?
2
Let h(g) be the first derivative of -g**4/4 + 4*g**3/3 + 3*g**2 + 7*g + 17. Suppose 3*p = 5*t - 0*p - 31, -3*p = -4*t + 26. What are the prime factors of h(t)?
2, 3
Let p(a) = a - 2. Suppose -5*x - 19 = -k, -2*x = k + 2*k - 6. Suppose -2*c + 2 = -c, -5*u = k*c - 38. List the prime factors of p(u).
2
Let y(k) = -k**3 + 13*k**2 + 6*k + 27. What are the prime factors of y(13)?
3, 5, 7
What are the prime factors of (0/(-3) - 1)*-19?
19
Suppose -y - 11 = -85. What are the prime factors of y?
2, 37
Let u be (0 - (2 - 2))/1. Suppose u = 4*k - 0*k - 12. Suppose 2*g + 3*w - 31 = 0, -4*w = -k + 7. What are the prime factors of g?
17
Let j(x) = -2*x + 1. Let s = 7 - 8. Let b be j(s). Suppose -g - 18 = -b*g. List the prime factors of g.
3
Suppose -x - 4 = f - 1, 0 = -3*f - x - 9. Let y(d) be the third derivative of -d**6/120 - d**5/30 + 3*d**2. List the prime factors of y(f).
3
Suppose -3*b = -42 - 0. Let r = 5 + 3. Let l = b - r. What are the prime factors of l?
2, 3
Suppose 10 = r - 14. List the prime factors of r.
2, 3
Suppose 2*d = -d - 81. Let w = d - -39. What are the prime factors of w?
2, 3
Let a = 179 - 76. What are the prime factors of a?
103
Let u(x) = x**2 - 2*x + 1. Suppose -4*d + 2*j = d - 15, 3*d - 13 = 2*j. Let n be u(d). Suppose n = 5*t - 4*t - 3. List the prime factors of t.
3
Let r(i) = -i**2 - 2*i + 4. What are the prime factors of r(-2)?
2
Let c = -8 + 11. List the prime factors of 1*22 - (2 - c).
23
Suppose -2*k + 37 + 119 = 0. List the prime factors of k/65*15/2.
3
Let c(q) = -q**2 + 9*q - 5. Suppose 1 = 5*w - 9. Suppose -4 = w*i - 16. What are the prime factors of c(i)?
13
Let z(l) = -4*l - 4. What are the prime factors of z(-5)?
2
Suppose -5*t + 526 = -0*a - a, a = -t + 110. What are the prime factors of t?
2, 53
Let j(l) = 7*l**2 - 5 + 1 + l**3 - l + 0*l**3. Let n be j(-7). Suppose -3*x = n*z - 9, 0 = -2*x - x - 2*z + 11. What are the prime factors of x?
5
Let v(s) = -s - 17. Let b be v(-10). Let z = 37 + -20. Let m = b + z. What are the prime factors of m?
2, 5
Suppose -5*c + 18 = -2*c. List the prime factors of c.
2, 3
Suppose 10*u - 3*u - 728 = 0. What are the prime factors of u?
2, 13
Let o(z) = 19*z. List the prime factors of o(5).
5, 19
Let h(c) = 6*c + 15. What are the prime factors of h(11)?
3
Let j(d) = -4*d**3 + d**2. Let s be j(2). Let u be 31/(-4) - (-7)/s. List the prime factors of u*(-1)/2*5.
2, 5
Let q be (-17)/4 - 2/(-8). Let j = -1 - q. Suppose -l + 3*f + 21 = 2, -j*f = 9. What are the prime factors of l?
2, 5
Let b(p) = 4 - 4*p**2 - p**3 + 3*p**3 + 3*p - p**3. Suppose -3*z - v + 11 = 0, 10 = 2*z - v + 3*v. What are the prime factors of b(z)?
2
Suppose -4*z + 0*d = d - 1442, -6 = 3*d. What are the prime factors of z?
19
Let i = 168 - 97. Suppose 0 = 4*z + 15 - i. What are the prime factors of z?
2, 7
Let n be 8/52 + (-63)/(-13). Suppose 4*w + 20 = 0, n*w = -3*q - 2 + 4. What are the prime factors of q?
3
Let s = -2 - 0. Let q(k) be the third derivative of -k**6/120 - k**4/8 - k**3/2 - k**2. List the prime factors of q(s).
11
Let l(j) = j**2 - 4*j + 2. Let v = 4 + 0. Let q be l(v). Suppose 3*g - 31 = 2*a, 3*g + q*a +